se 16
-3af6
-1b72 (base 16) to base 5
-211101
-22064 (base 10) to base 12
-10928
What is -110100000 (base 2) in base 8?
-640
What is -c4a6 (base 13) in base 8?
-65050
What is 1b10 (base 12) in base 8?
6374
1355 (base 7) to base 13
31a
What is 22020 (base 5) in base 6?
10554
Convert 111101100 (base 2) to base 4.
13230
What is 0 (base 11) in base 3?
0
Convert 13260 (base 7) to base 16.
df2
-371 (base 12) to base 7
-1336
Convert -1111442 (base 6) to base 9.
-84868
Convert 1591 (base 10) to base 8.
3067
Convert 378a (base 13) to base 16.
1ed0
What is -10006 (base 12) in base 11?
-14647
3911 (base 12) to base 15
1dcd
Convert -9f (base 16) to base 3.
-12220
-3c65 (base 15) to base 16
-3278
Convert 31343 (base 12) to base 8.
175643
What is 1550 (base 8) in base 6?
4012
What is 4883 (base 11) in base 7?
24416
-223353 (base 8) to base 11
-517a6
146435 (base 8) to base 12
26479
Convert -11101100000000 (base 2) to base 7.
-62015
73e (base 15) to base 5
23014
What is 1252 (base 6) in base 11?
271
What is -122000 (base 3) in base 13?
-294
What is 120021 (base 3) in base 10?
412
What is -2402 (base 5) in base 8?
-540
What is -343 (base 11) in base 2?
-110011010
Convert -11213 (base 4) to base 11.
-2a7
What is 376 (base 8) in base 11?
211
-4273 (base 9) to base 15
-de9
-2002022211 (base 3) to base 8
-120146
What is 110000100101 (base 2) in base 5?
44414
What is -518 (base 10) in base 6?
-2222
What is 17620 (base 9) in base 14?
4612
What is -21112100 (base 3) in base 11?
-4141
be (base 16) to base 7
361
Convert 3145 (base 16) to base 9.
18264
Convert 10000202 (base 3) to base 12.
133b
Convert -22100 (base 4) to base 11.
-547
3332 (base 6) to base 10
776
Convert 685c (base 14) to base 15.
5579
-21222 (base 3) to base 14
-115
Convert -5402 (base 7) to base 10.
-1913
15649 (base 10) to base 8
36441
-733 (base 9) to base 5
-4342
-2795 (base 13) to base 11
-4311
Convert -4434 (base 6) to base 11.
-857
2002233 (base 4) to base 14
3099
6102 (base 10) to base 12
3646
What is -2304 (base 6) in base 11?
-455
Convert -1246 (base 13) to base 7.
-10363
What is -4334 (base 6) in base 12?
-6aa
Convert 1601 (base 10) to base 11.
1226
Convert 593 (base 12) to base 9.
1123
Convert -10528 (base 10) to base 5.
-314103
Convert -1315 (base 6) to base 11.
-285
What is 11831 (base 12) in base 14?
8897
212220 (base 3) to base 14
341
Convert 210453 (base 8) to base 14.
1b6b1
What is -1002222 (base 3) in base 14?
-41b
Convert 8288 (base 9) to base 5.
143244
Convert -11122112 (base 3) to base 6.
-23405
-11010110001 (base 2) to base 15
-793
Convert -1010212012 (base 3) to base 6.
-252052
What is 11320 (base 4) in base 16?
178
3556 (base 7) to base 13
7a2
Convert 1111100000100 (base 2) to base 13.
37ca
What is -25144 (base 10) in base 15?
-76b4
Convert -11314 (base 5) to base 15.
-3a9
14333 (base 10) to base 12
8365
-3db6 (base 14) to base 15
-3395
Convert -123023 (base 4) to base 13.
-a3a
-2302 (base 13) to base 2
-1001100100111
-1811 (base 15) to base 6
-40011
What is -14507 (base 8) in base 4?
-1211013
-31230 (base 7) to base 6
-55253
What is 1132321 (base 5) in base 16?
51e1
What is -3084 (base 9) in base 7?
-6412
-20123 (base 4) to base 12
-38b
What is -583 (base 10) in base 9?
-717
-212110112 (base 3) to base 12
-9a95
Convert 1055 (base 12) to base 3.
2110102
What is -248 (base 13) in base 5?
-3043
Convert -ab49 (base 14) to base 3.
-1111200120
Convert -2e3 (base 16) to base 4.
-23203
What is -10203 (base 4) in base 14?
-16b
2371 (base 12) to base 6
30221
What is -91 (base 15) in base 2?
-10001000
Convert 14172 (base 8) to base 5.
200031
1821 (base 10) to base 16
71d
Convert -21227 (base 8) to base 11.
-6720
-26e (base 16) to base 10
-622
Convert 8a5b (base 14) to base 5.
1231433
51326 (base 8) to base 3
1002002102
Convert 1030321 (base 4) to base 7.
20230
692 (base 12) to base 13
59c
12256 (base 8) to base 16
14ae
What is bf5 (base 16) in base 3?
11012101
Convert 2c3 (base 13) to base 2.
111110001
-aaec (base 15) to base 9
-54616
What is -32 (base 8) in base 14?
-1c
1221201 (base 4) to base 13
30c6
What is -13210 (base 4) in base 3?
-122221
What is -564 (base 11) in base 9?
-830
Convert 1071 (base 9) to base 13.
490
What is 1307 (base 14) in base 12?
1b23
What is -1013 (base 11) in base 10?
-1345
-544 (base 6) to base 16
-d0
What is 585 (base 11) in base 5?
10243
Convert 4b28 (base 14) to base 15.
3d7d
6136 (base 7) to base 3
2221001
What is -1f4 (base 16) in base 9?
-615
Convert -401023 (base 5) to base 2.
-11000101011110
What is -10 (base 15) in base 8?
-17
Convert -1001001101111100 (base 2) to base 9.
-56711
What is 123b (base 12) in base 6?
13315
-12221 (base 5) to base 16
-3a8
What is 111001001 (base 2) in base 9?
557
65 (base 15) to base 3
10112
What is -1194 (base 13) in base 12?
-1533
Convert 4a3 (base 13) to base 2.
1100101001
Convert -25e (base 16) to base 2.
-1001011110
What is 72d (base 15) in base 3?
2012221
-100111010010010 (base 2) to base 6
-233042
What is -41341 (base 5) in base 11?
-2054
-50313 (base 6) to base 11
-4a58
13153 (base 8) to base 2
1011001101011
Convert 10403 (base 5) to base 4.
23120
1246 (base 10) to base 3
1201011
Convert -255 (base 8) to base 4.
-2231
What is -15c (base 16) in base 6?
-1340
What is -1557 (base 8) in base 4?
-31233
Convert -10010100000 (base 2) to base 4.
-102200
What is -656 (base 9) in base 15?
-25c
What is 27b (base 16) in base 10?
635
-11233203 (base 4) to base 5
-1223043
Convert -1500 (base 9) to base 16.
-46e
10011000000 (base 2) to base 3
1200001
Convert -34 (base 10) to base 4.
-202
1001111011011011 (base 2) to base 13
15683
Convert -13622 (base 9) to base 15.
-2b1e
What is -466 (base 12) in base 4?
-22032
-52 (base 6) to base 11
-2a
Convert 11101110001 (base 2) to base 3.
2121120
What is 164454 (base 7) in base 8?
100064
What is -23850 (base 11) in base 6?
-422442
Convert 14123 (base 5) to base 13.
6b6
612 (base 12) to base 6
4022
What is 1672 (base 11) in base 13?
c84
-383 (base 9) to base 13
-1b6
-1022100 (base 3) to base 13
-585
1c74 (base 13) to base 5
114240
cb (base 13) to base 11
142
Convert 25123 (base 6) to base 2.
111010001011
What is 4a37 (base 11) in base 2?
1100110101110
What is -3c (base 13) in base 3?
-1220
What is 9b (base 16) in base 3?
12202
What is -32333 (base 6) in base 12?
-26a9
Convert -1ab (base 15) to base 2.
-110000010
What is -3101 (base 5) in base 2?
-110010001
What is 444541 (base 7) in base 2?
10011001010001110
320232 (base 4) to base 10
3630
Convert -1232 (base 5) to base 15.
-cc
Convert 331 (base 14) to base 11.
524
-110000102 (base 3) to base 12
-509b
Convert -158 (base 11) to base 12.
-134
What is -302211 (base 5) in base 6?
-112453
Convert 21110300 (base 4) to base 10.
38192
21431 (base 5) to base 13
8a9
What is 52601 (base 8) in base 10?
21889
27422 (base 8) to base 4
2330102
Convert -1001212 (base 4) to base 10.
-4198
What is -a875 (base 13) in base 7?
-125163
Convert 522 (base 9) to base 12.
2b5
What is -b44c (base 14) in base 16?
-793c
Convert 1010011100110 (base 2) to base 10.
5350
10000010001111 (base 2) to base 7
33205
26674 (base 9) to base 6
215321
-22011 (base 5) to base 14
-798
What is 110211221 (base 3) in base 15?
2b97
-3113 (base 5) to base 3
-120010
What is -2850 (base 10) in base 11?
-2161
What is 1010010000000111 (base 2) in base 11?
29604
What is 39c (base 15) in base 5?
11242
-1302132 (base 4) to base 10
-7326
What is 887 (base 10) in base 13?
533
Convert -17017 (base 12) to base 4.
-20001103
What is -10010100100 (base 2) in base 8?
-2244
56176 (base 9) to base 13
13cb6
What is -a2 (base 14) in base 2?
-10001110
Convert 1002202201 (base 3) to base 4.
11103010
Convert 444 (base 9) to base 7.
1030
Convert 3b45 (base 14) to base 12.
6069
-2414 (base 11) to base 4
-301121
What is 214 (base 6) in base 7?
145
-1908 (base 14) to base 11
-3436
What is -100110010010011 (base 2) in base 10?
-19603
Convert -41045 (base 9) to base 5.
-1331024
-222230 (base 5) to base 11
-5965
Convert f81 (base 16) to base 2.
111110000001
What is -10001000111 (base 2) in base 5?
-13340
What is 718 (base 11) in base 12?
602
What is -221101021 (base 3) in base 14?
-6a58
What is -135543 (base 6) in base 4?
-3022113
110100110 (base 2) to base 4
12212
Convert -7ab4 (base 13) to base 7.
-101123
What 